hat is the greatest common factor of 1194 and 192?
6
Calculate the greatest common factor of 12564 and 45504.
36
Calculate the greatest common divisor of 3771 and 807.
3
What is the greatest common factor of 2535 and 1131?
39
What is the greatest common divisor of 14448 and 126?
42
Calculate the highest common factor of 8708 and 2022433.
2177
What is the greatest common factor of 23429 and 14?
7
What is the greatest common factor of 4012 and 136?
68
What is the greatest common divisor of 689999 and 7781?
251
What is the highest common divisor of 1225 and 209524?
49
What is the greatest common divisor of 2280 and 1230?
30
Calculate the greatest common divisor of 224844 and 2214.
246
What is the highest common divisor of 748 and 1274779?
187
What is the greatest common divisor of 4424 and 194972?
316
Calculate the greatest common divisor of 97 and 737879.
97
What is the greatest common divisor of 74252 and 2204?
76
What is the greatest common factor of 212330 and 170?
170
What is the greatest common factor of 45132 and 3?
3
Calculate the highest common factor of 351 and 15223.
13
Calculate the greatest common divisor of 897 and 185380.
299
Calculate the highest common divisor of 12 and 6668.
4
Calculate the highest common factor of 16627 and 91.
13
Calculate the highest common divisor of 24745 and 4.
1
What is the highest common divisor of 6624 and 212704?
736
Calculate the greatest common factor of 946923 and 27657.
1317
Calculate the greatest common divisor of 13650 and 514410.
390
Calculate the highest common divisor of 1279116 and 36.
36
Calculate the highest common divisor of 680 and 56542.
34
Calculate the greatest common factor of 105274 and 1066.
26
What is the highest common factor of 39779813 and 47?
47
What is the highest common divisor of 7 and 34083?
7
Calculate the highest common factor of 4096 and 47088.
16
What is the highest common divisor of 8341 and 2413?
19
Calculate the highest common factor of 49249 and 680.
17
Calculate the highest common divisor of 174 and 2898.
6
What is the highest common divisor of 18299 and 1247?
29
What is the greatest common factor of 1918 and 7434?
14
Calculate the highest common factor of 77064 and 12312.
456
Calculate the highest common factor of 974 and 21915.
487
What is the greatest common divisor of 27 and 1298223?
9
What is the highest common divisor of 3272461 and 639?
71
What is the greatest common divisor of 17 and 225?
1
Calculate the greatest common factor of 29805 and 30.
15
Calculate the highest common divisor of 211344 and 4998.
714
Calculate the greatest common factor of 84 and 2370368.
28
Calculate the greatest common divisor of 16480 and 260.
20
Calculate the highest common factor of 9162 and 441.
9
Calculate the greatest common divisor of 722436 and 12.
12
What is the greatest common factor of 14512 and 48?
16
What is the greatest common divisor of 26130 and 6240?
390
What is the highest common divisor of 4266 and 1264?
158
What is the greatest common factor of 15810 and 1089030?
930
What is the highest common factor of 52224 and 640?
128
What is the highest common factor of 221761 and 17867?
1051
What is the highest common factor of 1335356 and 6820?
1364
Calculate the greatest common divisor of 26215 and 92120.
245
What is the greatest common factor of 44 and 791956?
44
What is the greatest common factor of 20946 and 8?
2
What is the greatest common divisor of 3517238 and 158?
158
Calculate the highest common divisor of 2690 and 30.
10
What is the highest common divisor of 186190 and 3440?
430
Calculate the greatest common factor of 200898 and 18.
18
Calculate the greatest common factor of 131512 and 102.
34
Calculate the highest common factor of 105 and 77721.
21
Calculate the highest common divisor of 237090 and 30.
30
Calculate the highest common factor of 1155 and 15477.
231
What is the highest common divisor of 117338 and 52?
26
Calculate the greatest common divisor of 1900 and 456.
76
What is the highest common divisor of 35 and 2222045?
35
Calculate the greatest common factor of 2448 and 36414.
306
What is the greatest common divisor of 129145 and 184?
23
Calculate the greatest common factor of 527 and 72403.
17
What is the highest common factor of 7096 and 568?
8
What is the greatest common divisor of 363 and 5241?
3
Calculate the greatest common divisor of 25112 and 129.
43
Calculate the highest common divisor of 317499 and 8463.
273
Calculate the highest common factor of 2622 and 642.
6
What is the greatest common factor of 79045 and 135?
5
Calculate the greatest common factor of 104 and 9752.
8
Calculate the highest common factor of 54126 and 12834.
558
What is the greatest common divisor of 1792 and 129472?
448
What is the greatest common factor of 9 and 4285?
1
Calculate the greatest common divisor of 132 and 79486.
22
What is the greatest common divisor of 466 and 10474?
2
What is the greatest common factor of 599 and 693043?
599
Calculate the highest common factor of 1145 and 937068.
229
What is the greatest common divisor of 210627 and 87?
87
What is the highest common divisor of 1599 and 9308?
13
What is the highest common divisor of 37620 and 144?
36
Calculate the greatest common divisor of 1944 and 17928.
216
Calculate the highest common factor of 228291 and 18.
3
What is the highest common factor of 20904 and 21450?
78
What is the highest common factor of 27332 and 8?
4
What is the highest common divisor of 6664 and 3136?
392
What is the greatest common factor of 14 and 190974?
14
Calculate the highest common divisor of 2442180 and 36.
12
Calculate the highest common divisor of 87450 and 2544.
318
Calculate the greatest common factor of 147079 and 19.
19
Calculate the highest common factor of 278958 and 114.
114
What is the greatest common factor of 98 and 414638?
98
What is the highest common divisor of 117107 and 181?
181
What is the greatest common factor of 1176 and 8988?
84
What is the greatest common divisor of 10439 and 39?
13
What is the highest common factor of 3240 and 6120?
360
What is the greatest common divisor of 1675 and 536?
67
What is the highest common divisor of 7395 and 4080?
255
What is the highest common factor of 180 and 4500000?
180
Calculate the greatest common factor of 2812 and 148444.
148
Calculate the highest common factor of 25 and 101225.
25
Calculate the highest common divisor of 1335 and 20.
5
Calculate the highest common divisor of 1054095 and 105.
105
What is the greatest common divisor of 166926 and 24?
6
Calculate the highest common factor of 44688 and 2015664.
2352
Calculate the greatest common factor of 744 and 2136.
24
What is the highest common factor of 1866 and 48?
6
What is the highest common factor of 104801 and 1?
1
Calculate the highest common factor of 16515 and 1170.
45
Calculate the highest common divisor of 2359 and 213658.
337
Calculate the highest common factor of 2471 and 553.
7
Calculate the highest common divisor of 2085752 and 328.
328
Calculate the highest common divisor of 87279 and 1269.
141
What is the highest common divisor of 6222 and 2754?
102
What is the greatest common divisor of 111 and 6771?
111
Calculate the greatest common divisor of 231 and 2079.
231
Calculate the greatest common divisor of 9540 and 99.
9
Calculate the greatest common factor of 45 and 1780080.
15
What is the greatest common divisor of 24171 and 7287?
21
Calculate the greatest common factor of 8579 and 2645.
23
What is the greatest common divisor of 986 and 5684?
58
What is the highest common factor of 639 and 22167?
9
Calculate the highest common divisor of 24864 and 4847.
37
What is the greatest common factor of 1325 and 288161?
53
What is the highest common factor of 34526 and 122?
122
What is the highest common divisor of 483 and 1060507?
161
Calculate the greatest common factor of 63783 and 171.
171
Calculate the highest common factor of 184 and 490291.
23
Calculate the highest common factor of 32116 and 2728.
124
Calculate the greatest common factor of 13085358 and 13.
13
What is the highest common factor of 26019 and 144?
9
Calculate the greatest common divisor of 11 and 11186241.
11
Calculate the greatest common divisor of 8668 and 7040.
44
Calculate the greatest common factor of 540 and 78720.
60
What is the 